2 + 2*l + 128. What is the tens digit of g(0)?
2
What is the units digit of (-18)/3 + 77 - 3?
8
What is the tens digit of 919 + -9*(-4)/(-6)?
1
Suppose 3662 = 5*i + 857. What is the units digit of i?
1
Let a = -90 - 47. Let p = a - -262. What is the tens digit of p?
2
Let v(p) = 1470*p**2 + 7*p + 6. What is the thousands digit of v(-1)?
1
Suppose 9 = -m + 2*m. Suppose 3*z - 5*f - 21 - m = 0, 2*z - 22 = 4*f. What is the units digit of z*4/10 + 30?
2
Suppose 92*x - 151 = 91*x. Let z = -4 + x. What is the hundreds digit of z?
1
Let w(c) = 339*c - 37. What is the tens digit of w(3)?
8
Let z = 801 - -30. What is the hundreds digit of z?
8
Suppose -20 = 3*d - 35. Suppose m - d*m = -2*n + 78, n - 47 = 4*m. What is the units digit of n?
1
Let k = 450 - 253. What is the tens digit of k?
9
Suppose -4*t + t = -3. Let w be 44/20 + t/(-5). What is the units digit of 3*1 + -2 + w?
3
Let p = -6193 - -9608. What is the hundreds digit of p?
4
Let y = -846 - -2988. What is the units digit of y?
2
Suppose 1434*j + 14896 = 1448*j. What is the units digit of j?
4
Let p = 52 + 56. Suppose -2*f - 3*z = 2*z - p, -4 = -z. What is the tens digit of f?
4
Suppose -211*f - 1000 = -216*f. What is the tens digit of f?
0
Let z = 33 + -9. Let y = z + -12. Suppose -4*b - 56 = -3*s, s - b = y + 5. What is the tens digit of s?
1
Let y = -6 - -8. Suppose 0 = w - y*l - 14 + 2, 60 = 4*w - 4*l. Suppose 0 = -4*i + 2*z - 32 + 84, 2*i - w = -3*z. What is the tens digit of i?
1
Let h be 10/(-20) + 1290/4. What is the hundreds digit of (7 - 5)/(4/h)?
1
Let r(m) = m**3 + 13*m**2 + 14*m + 9. Let s be r(-12). What is the tens digit of (-3)/s*-2 - 87/(-5)?
1
Let v(x) = 6 - 3 + 2 - 113*x. What is the hundreds digit of v(-2)?
2
What is the tens digit of ((-22)/(-44))/((-1)/(-1486))?
4
Suppose -6*u + 4*u + 12490 = 5*g, -2520 = -g + 4*u. What is the tens digit of g?
0
Let u = 4 - 6. Let l(s) = -8*s - 55. Let p be l(-6). Let r = u - p. What is the units digit of r?
5
Suppose 0 = 3*f + 6, 273 = 5*o - f - 154. Suppose -111 = -b - 2*p - 25, p = -b + o. Let j = 120 - b. What is the tens digit of j?
3
Let x(s) = s**2 + 2*s + 8. Let p be 400/(-70) - (-2)/(-7). What is the tens digit of x(p)?
3
Suppose 3*l + 18 = 3*s + 6, -20 = -5*s + l. Suppose -2*k + 4*k + 60 = 5*j, 4*j = -s*k + 76. Suppose -j*x = -6*x - 392. What is the tens digit of x?
4
Let z = -290 + 3499. What is the thousands digit of z?
3
Suppose 0 = -o + 6*b - 2*b + 25, b = -3*o + 36. Let p(w) be the first derivative of -w**4/4 + 4*w**3 + 15*w**2/2 - 9*w - 32. What is the units digit of p(o)?
7
Let d = 22 - 43. Let k = d - -16. What is the tens digit of 140/6*(-6)/k?
2
Let x(l) = 13*l. Suppose -3*s = -3*d - 24, 0*s = -4*s - 4*d + 8. Suppose -z = -s*r + 15, r = -2*z + 3*z + 7. What is the tens digit of x(r)?
2
Let j = 589 + -584. Let s be -40*(1 + 0)/(-1). Suppose j*f - 6*w - 55 = -2*w, w + s = 3*f. What is the tens digit of f?
1
Let v(w) = -3*w**2 + w + 2. Let l be v(2). Let f be (-2)/l - (-211)/4. Suppose 3*r = -u + 50 + f, 3*r - 107 = -2*u. What is the units digit of r?
3
Let l be (3 - -2) + 3/(-1). Let v be (966/35)/((-6)/(-20)). Suppose l*s = -2*s + v. What is the units digit of s?
3
Suppose 0 = -6*f - 7*f + 6968. Let t = f + -380. What is the hundreds digit of t?
1
Suppose o - u = -1, -3*u = 4*o - 14 - 10. Suppose -o*m = -10*m + 588. What is the tens digit of m?
8
Let t(c) = -3*c**2 + 3*c + 5. Let s be t(-3). Suppose 0 = 3*z + 5*l - 17, 2*z + 10 = 4*z + 3*l. What is the units digit of z + s*(-1 + 0)?
0
What is the units digit of ((-3)/(-9))/(17358/4338 + -4)?
1
What is the hundreds digit of (12/(-10))/(3*(-11)/11770)?
4
Let w be (0 - 6)/(4/72). Let d = 1205 + -1022. Let j = w + d. What is the tens digit of j?
7
Suppose -2*a = -23 - 3. Suppose -2*s + 15 = -a. What is the units digit of (s - 3)*(-2)/(-2)?
1
Let w(v) = 0*v + v - 3*v + 0*v + 13. Let f be w(6). Let p = f + 18. What is the tens digit of p?
1
Suppose 1 = z - 3. Suppose -z*c - 4*c = -416. What is the tens digit of c?
5
Suppose 81*l = 74*l + 5201. What is the units digit of l?
3
Suppose -8 = 3*t + t. Let s(l) = -5*l + 1. Let r be s(-1). What is the units digit of t/r - (-598)/39?
5
Suppose 2*y + 46 = 60. Let f(v) = 9*v**2 + 25*v + 9. Let p(n) = -5*n**2 - 13*n - 5. Let q(o) = -6*f(o) - 11*p(o). What is the units digit of q(y)?
1
Let s(a) = -2*a**2 - 48*a - 2. What is the hundreds digit of s(-19)?
1
Suppose -4 + 0 = -2*a. Let m(k) = -3*k + 2*k - k**2 - 2 - k**3 + 6*k**a + 0. What is the units digit of m(3)?
3
Suppose -p + 103 = 3*t, 4*p - 2*t - 3*t - 344 = 0. Suppose 6*c = 425 + p. What is the tens digit of c?
8
Suppose -n - 3*r - 20 = 0, n + 2*r - 7*r = -4. Let u = n + -21. Let f = u + 58. What is the tens digit of f?
2
Let z(s) = s**3 + 17*s**2 + 16*s + 1. Let m be z(-16). Suppose 2*d = k + m - 9, 5*k = d + 67. What is the tens digit of k?
1
Let n(y) = y**3 + 17*y**2 - 26*y - 32. What is the units digit of n(-15)?
8
Let q be (-76)/(-8) - -2*(-1)/4. Suppose q = 8*f + 1. What is the units digit of f?
1
Suppose c = -k + 5 + 23, -5*c = -5*k - 170. Let n = c + -10. What is the units digit of 4/(-6) + 812/n?
8
Let t be (-4)/20 + -3 + 32/10. Suppose 2*j + 7 = 2*h - j, 4*h + 3*j - 23 = t. What is the units digit of h?
5
Let c(d) = -d**2 + 6*d + 5. Let o be c(7). Let t be (-5 - (o + -1))*1. What is the tens digit of 3*(t + 22/3)?
1
Let s be 1916/32 - (-2)/16. What is the tens digit of (-31)/((-46)/s + (-15)/(-25))?
8
Suppose 8000 = 3*i + 3*u - 7*u, 0 = i - 5*u - 2663. What is the tens digit of i?
6
Let r = 1762 - 895. What is the hundreds digit of r?
8
Suppose -10*g - 3635 + 34345 = 0. What is the tens digit of g?
7
Suppose -714 = -2*b - 5*i, -7*b = -3*b + i - 1446. What is the tens digit of b?
6
Suppose 4*y = -2*c + 426, 2*c + 3*y = 41 + 383. Suppose -4*k + 300 = -5*m - k, -4*k = 3*m + c. What is the tens digit of (m/14)/((-1)/18)?
8
Let p be (-8)/6*3/(-2). Suppose -c + 2*k = c - 36, p*c - 24 = -2*k. Suppose -2*w - w = -c. What is the units digit of w?
5
Let p(m) = m**3 - 3*m**2 - 4*m - 1. Let h be p(4). Let w = h + 2. Let j = 54 - w. What is the tens digit of j?
5
Let l(z) = -15*z - 27. Let q(t) = 16*t + 27. Let h(o) = 4*l(o) + 3*q(o). Let n be h(-11). Suppose -a - n = -4*a. What is the tens digit of a?
3
Let w(g) = -60*g - 3. Let y be w(6). Let f = -198 - y. What is the hundreds digit of f?
1
Suppose -3*o = -0*o - 2*m - 2, 3*m - 15 = 0. Suppose n - 3*n = 3*y + 1, -o*n = 20. Suppose -g - y*g + 144 = 0. What is the tens digit of g?
3
Suppose -3*w + 4*a - 13 = 0, -43 = -3*w + 8*w + 4*a. Let i = w - -63. Suppose 2*s - 12 - i = 0. What is the units digit of s?
4
Suppose -9*r + 6*r + 48 = 0. Let w(s) = -s**3 + 15*s**2 - 15*s + 20. Let x be w(14). Suppose -h - x = -r. What is the units digit of h?
0
Let m = 3352 - 1990. What is the thousands digit of m?
1
Let l(b) be the second derivative of -1/2*b**3 - 5*b - 1/20*b**5 + 0*b**4 + 0 - b**2. What is the units digit of l(-2)?
2
Let c(r) = 2*r**2 - 5*r + 4. Let m be c(7). Suppose -4*u + 14 = b, -3*u + 54 + m = 5*b. What is the units digit of b?
6
What is the units digit of ((-161)/(-14) + -11)*6946?
3
Let o = 16 + -16. Let n be (-4)/14 - 255/(-35). Let r = n + o. What is the units digit of r?
7
Let t = 18 + -15. Suppose 0 = -c - 4*d - 9, 0 = 3*c - d - t*d - 21. Suppose -5*w = -c*w - 132. What is the tens digit of w?
6
Let b(u) = u**3 - 5*u**2 - 4*u - 1. Let w be b(6). Suppose -10 = -3*h + w. Let l = 33 - h. What is the units digit of l?
6
Let u = -269 - -537. What is the tens digit of u?
6
Let k(b) = 19*b - 94. Let p be k(5). Suppose -5*n + 0 + 5 = 0. What is the units digit of (-3 - (-29 - p))*n?
7
Let t(f) = f**2 + 18*f + 61. Let n be t(-14). What is the tens digit of 76 - ((-20)/n - -3)?
7
What is the hundreds digit of (-808)/(-4) - (-27)/9?
2
Suppose 4*h - 6 = 3*h - i, 0 = -5*h - 2*i + 21. Suppose j + 16 = 3*j. Suppose -h*y = -100 - j. What is the tens digit of y?
3
Let o = -1047 + 1644. Suppose -5*k = -o + 47. What is the units digit of k?
0
Let o(k) = -357*k + 86. What is the units digit of o(-8)?
2
Let y(s) = -3*s + 12. Let n(p) = p - 1. Let j(t) = -4*n(t) - y(t). Let r be j(-10). Suppose -3*v + 19 = 3*a - 35, -4 = r*v. What is the tens digit of a?
2
Suppose -3*p = -11 - 7. Suppose 0 = 2*g - 5*g + p. Suppose -3*k - 5*o + 38 = -62, g*k 